{"id":26,"date":"2017-04-29T07:28:59","date_gmt":"2017-04-29T06:28:59","guid":{"rendered":"http:\/\/ruth-sauer.de\/?page_id=26"},"modified":"2021-01-18T14:17:30","modified_gmt":"2021-01-18T13:17:30","slug":"atelier","status":"publish","type":"page","link":"https:\/\/www.ruth-sauer.de\/?page_id=26","title":{"rendered":"Atelier"},"content":{"rendered":"<p><img loading=\"lazy\" class=\"wp-image-38 size-medium aligncenter\" src=\"http:\/\/ruth-sauer.de\/wp-content\/uploads\/2017\/04\/Ruth_08.jpg-227x300.jpg\" alt=\"\" width=\"227\" height=\"300\" srcset=\"https:\/\/ruth-sauer.de\/wp-content\/uploads\/2017\/04\/Ruth_08.jpg-227x300.jpg 227w, https:\/\/ruth-sauer.de\/wp-content\/uploads\/2017\/04\/Ruth_08.jpg-768x1014.jpg 768w, https:\/\/ruth-sauer.de\/wp-content\/uploads\/2017\/04\/Ruth_08.jpg-775x1024.jpg 775w\" sizes=\"(max-width: 227px) 100vw, 227px\" \/><\/p>\n<p style=\"text-align: center;\"><strong>Ihr Typ und Stil<\/strong><\/p>\n<p style=\"text-align: center;\">Schmuck unterstreicht Ihre Individualit\u00e4t!<\/p>\n<p style=\"text-align: center;\">Durch den gemeinsamen Entwurf entsteht ein Schmuckst\u00fcck, das Ihrem Typ und Stil und nat\u00fcrlich auch Ihren W\u00fcnschen entspricht. Ihre Individualit\u00e4t wird so auf besondere Art betont!<\/p>\n<p>&nbsp;<\/p>\n<p><img loading=\"lazy\" class=\"wp-image-41 size-medium aligncenter\" src=\"http:\/\/ruth-sauer.de\/wp-content\/uploads\/2017\/04\/Rotgold-Trauringe-auf-Weissgold-Innenring-201x300.jpg\" alt=\"\" width=\"201\" height=\"300\" srcset=\"https:\/\/ruth-sauer.de\/wp-content\/uploads\/2017\/04\/Rotgold-Trauringe-auf-Weissgold-Innenring-201x300.jpg 201w, https:\/\/ruth-sauer.de\/wp-content\/uploads\/2017\/04\/Rotgold-Trauringe-auf-Weissgold-Innenring-768x1145.jpg 768w, https:\/\/ruth-sauer.de\/wp-content\/uploads\/2017\/04\/Rotgold-Trauringe-auf-Weissgold-Innenring-687x1024.jpg 687w, https:\/\/ruth-sauer.de\/wp-content\/uploads\/2017\/04\/Rotgold-Trauringe-auf-Weissgold-Innenring.jpg 1950w\" sizes=\"(max-width: 201px) 100vw, 201px\" \/><\/p>\n<p style=\"text-align: center;\">Eigene Materialien verst\u00e4rken die damit verbundenen Emotionen. Im Besonderen gilt dies f\u00fcr Umarbeitungen vorhandener Schmuckst\u00fccke aus dem Familienbesitz! Die geerbten d\u00fcnnen Rotgold-Trauringe wurden auf einen neu angefertigten Wei\u00dfgold-Innenring gesetzt.<\/p>\n<p><img loading=\"lazy\" class=\"aligncenter wp-image-45 size-medium\" src=\"http:\/\/ruth-sauer.de\/wp-content\/uploads\/2017\/04\/Filigrane-Blu\u0308te-300x203.jpg\" alt=\"Filigrane Bl\u00fcte\" width=\"300\" height=\"203\" srcset=\"https:\/\/ruth-sauer.de\/wp-content\/uploads\/2017\/04\/Filigrane-Blu\u0308te-300x203.jpg 300w, https:\/\/ruth-sauer.de\/wp-content\/uploads\/2017\/04\/Filigrane-Blu\u0308te-768x521.jpg 768w, https:\/\/ruth-sauer.de\/wp-content\/uploads\/2017\/04\/Filigrane-Blu\u0308te-1024x694.jpg 1024w\" sizes=\"(max-width: 300px) 100vw, 300px\" \/><\/p>\n<p style=\"text-align: center;\"><strong>Vision &#8211; Design &#8211; Konzept &#8211; \u00a0Prototyp<\/strong><\/p>\n<p style=\"text-align: center;\">Die Vorstellung Ihres Schmuckst\u00fcckes erscheint als klare Vision vor Ihrem inneren Auge.<\/p>\n<p style=\"text-align: center;\">Designstudien und Prototypen lassen Visionen Gestalt annehmen. Zusammen mit einer erfahrenen Gestalterin und Goldschmiedemeisterin entsteht Ihr individuelles Schmuckst\u00fcck.<\/p>\n<p style=\"text-align: center;\">Ein Schmuckst\u00fcck mit dem Sie sich in ganz besonderer Art und Weise identifizieren k\u00f6nnen!<\/p>\n","protected":false},"excerpt":{"rendered":"<p>Ihr Typ und Stil Schmuck unterstreicht Ihre Individualit\u00e4t! Durch den gemeinsamen Entwurf entsteht ein Schmuckst\u00fcck, das Ihrem Typ und Stil und nat\u00fcrlich auch Ihren W\u00fcnschen entspricht. Ihre Individualit\u00e4t wird so auf besondere Art betont! &nbsp; Eigene Materialien verst\u00e4rken die damit verbundenen Emotionen. Im Besonderen gilt dies f\u00fcr Umarbeitungen vorhandener Schmuckst\u00fccke aus dem Familienbesitz! Die geerbten &hellip; <\/p>\n<p class=\"link-more\"><a href=\"https:\/\/www.ruth-sauer.de\/?page_id=26\" class=\"more-link\"><span class=\"screen-reader-text\">\u201eAtelier\u201c<\/span> weiterlesen<\/a><\/p>\n","protected":false},"author":1,"featured_media":0,"parent":0,"menu_order":0,"comment_status":"closed","ping_status":"closed","template":"","meta":[],"_links":{"self":[{"href":"https:\/\/www.ruth-sauer.de\/index.php?rest_route=\/wp\/v2\/pages\/26"}],"collection":[{"href":"https:\/\/www.ruth-sauer.de\/index.php?rest_route=\/wp\/v2\/pages"}],"about":[{"href":"https:\/\/www.ruth-sauer.de\/index.php?rest_route=\/wp\/v2\/types\/page"}],"author":[{"embeddable":true,"href":"https:\/\/www.ruth-sauer.de\/index.php?rest_route=\/wp\/v2\/users\/1"}],"replies":[{"embeddable":true,"href":"https:\/\/www.ruth-sauer.de\/index.php?rest_route=%2Fwp%2Fv2%2Fcomments&post=26"}],"version-history":[{"count":17,"href":"https:\/\/www.ruth-sauer.de\/index.php?rest_route=\/wp\/v2\/pages\/26\/revisions"}],"predecessor-version":[{"id":80,"href":"https:\/\/www.ruth-sauer.de\/index.php?rest_route=\/wp\/v2\/pages\/26\/revisions\/80"}],"wp:attachment":[{"href":"https:\/\/www.ruth-sauer.de\/index.php?rest_route=%2Fwp%2Fv2%2Fmedia&parent=26"}],"curies":[{"name":"wp","href":"https:\/\/api.w.org\/{rel}","templated":true}]}}