{"id":11,"date":"2017-04-23T08:30:08","date_gmt":"2017-04-23T07:30:08","guid":{"rendered":"http:\/\/ruth-sauer.de\/?page_id=11"},"modified":"2018-05-10T17:37:49","modified_gmt":"2018-05-10T16:37:49","slug":"impressum","status":"publish","type":"page","link":"https:\/\/www.ruth-sauer.de\/?page_id=11","title":{"rendered":"Impressum"},"content":{"rendered":"<h6>Diese Seiten werden angeboten von:<\/h6>\n<p>Ruth Sauer<\/p>\n<p>B\u00f6schenstrasse 15<\/p>\n<p>66839 Schmelz<\/p>\n<p>Telefon: 06881 538018<\/p>\n<p>E-Mail: schmuck@ruth-sauer.de<\/p>\n<h6>Zust\u00e4ndige Kammer:<\/h6>\n<p>Handwerkskammer des Saarlandes<\/p>\n<p>Hohenzollernstrasse 47-48<\/p>\n<p>66117 Saarbr\u00fccken<\/p>\n<h6>Urheberrecht<\/h6>\n<p>Die durch Ruth Sauer erstellten Inhalte dieses Internetangebotes unterliegen dem deutschen Urheberrecht. Die Vervielf\u00e4ltigung, Bearbeitung, Verbreitung und jede Art der Verwertung au\u00dferhalb der Grenzen des Urheberrechtes bed\u00fcrfen der schriftlichen Zustimmung der Urheber bzw. Rechteverwalter. Downloads und Kopien des Internetangebotes von Ruth Sauer sind nur f\u00fcr den privaten, nicht kommerziellen Gebrauch gestattet. Soweit die Inhalte auf dieser Seite nicht von Ruth Sauer erstellt wurden, werden die Urheberrechte Dritter beachtet. Insbesondere werden Inhalte Dritter als solche gekennzeichnet. Sollten Sie auf eine Urheberrechtsverletzung aufmerksam werden, bitten wir Sie um einen Hinweis (schmuck@ruth-sauer.de). Bei Bekanntwerden von Rechtsverletzungen werden wir die beanstandeten Inhalte umgehend entfernen.<\/p>\n<h6>Haftungsausschluss<\/h6>\n<p>F\u00fcr die innerhalb des Webangebots von Ruth Sauer zug\u00e4nglichen Seiten besteht keinerlei Gew\u00e4hrleistung. Es wird auch keine Haftung f\u00fcr die Korrektheit, Vollst\u00e4ndigkeit oder Anwendbarkeit der enthaltenen Informationen \u00fcbernommen.<\/p>\n<h6>Datenschutz-Grundverordnung (DSGVO)<\/h6>\n<p>Entsprechend dem Grundsatz der Datensparsamkeit verarbeitet oder speichert diese Webseite keine personenbezogenen Daten.<\/p>\n","protected":false},"excerpt":{"rendered":"<p>Diese Seiten werden angeboten von: Ruth Sauer B\u00f6schenstrasse 15 66839 Schmelz Telefon: 06881 538018 E-Mail: schmuck@ruth-sauer.de Zust\u00e4ndige Kammer: Handwerkskammer des Saarlandes Hohenzollernstrasse 47-48 66117 Saarbr\u00fccken Urheberrecht Die durch Ruth Sauer erstellten Inhalte dieses Internetangebotes unterliegen dem deutschen Urheberrecht. Die Vervielf\u00e4ltigung, Bearbeitung, Verbreitung und jede Art der Verwertung au\u00dferhalb der Grenzen des Urheberrechtes bed\u00fcrfen der schriftlichen &hellip; <\/p>\n<p class=\"link-more\"><a href=\"https:\/\/www.ruth-sauer.de\/?page_id=11\" class=\"more-link\"><span class=\"screen-reader-text\">\u201eImpressum\u201c<\/span> weiterlesen<\/a><\/p>\n","protected":false},"author":1,"featured_media":0,"parent":0,"menu_order":0,"comment_status":"closed","ping_status":"closed","template":"","meta":[],"_links":{"self":[{"href":"https:\/\/www.ruth-sauer.de\/index.php?rest_route=\/wp\/v2\/pages\/11"}],"collection":[{"href":"https:\/\/www.ruth-sauer.de\/index.php?rest_route=\/wp\/v2\/pages"}],"about":[{"href":"https:\/\/www.ruth-sauer.de\/index.php?rest_route=\/wp\/v2\/types\/page"}],"author":[{"embeddable":true,"href":"https:\/\/www.ruth-sauer.de\/index.php?rest_route=\/wp\/v2\/users\/1"}],"replies":[{"embeddable":true,"href":"https:\/\/www.ruth-sauer.de\/index.php?rest_route=%2Fwp%2Fv2%2Fcomments&post=11"}],"version-history":[{"count":6,"href":"https:\/\/www.ruth-sauer.de\/index.php?rest_route=\/wp\/v2\/pages\/11\/revisions"}],"predecessor-version":[{"id":74,"href":"https:\/\/www.ruth-sauer.de\/index.php?rest_route=\/wp\/v2\/pages\/11\/revisions\/74"}],"wp:attachment":[{"href":"https:\/\/www.ruth-sauer.de\/index.php?rest_route=%2Fwp%2Fv2%2Fmedia&parent=11"}],"curies":[{"name":"wp","href":"https:\/\/api.w.org\/{rel}","templated":true}]}}